{"id":149,"date":"2021-08-23T19:39:06","date_gmt":"2021-08-23T19:39:06","guid":{"rendered":"https:\/\/kinternet.mx\/?page_id=149"},"modified":"2021-08-23T19:44:05","modified_gmt":"2021-08-23T19:44:05","slug":"aviso-de-privadad","status":"publish","type":"page","link":"https:\/\/kinternet.mx\/index.php\/aviso-de-privadad\/","title":{"rendered":"Aviso de Privadad"},"content":{"rendered":"\n<h1 class=\"wp-block-heading\"><\/h1>\n\n\n\n<p>K Internet, S. de R.L. de C.V.<\/p>\n\n\n\n<p>La informaci\u00f3n contenida en este mensaje de datos es confidencial, constituye un secreto industrial en t\u00e9rminos de la legislaci\u00f3n vigente y se encuentra dirigida exclusivamente al destinatario indicado en dicho mensaje. Si usted recibe esta informaci\u00f3n por error o si usted no es el destinatario del mensaje, favor de destruirlo inmediatamente, absteni\u00e9ndose de leerlo, reproducirlo, transmitirlo, almacenarlo, divulgarlo, revelarlo o usarlo de manera directa o indirecta en cualquier forma y por cualquier medio. Muchas gracias. En <em><strong>K Internet<\/strong><\/em> tratamos los datos personales de nuestros clientes, colaboradores, candidatos y proveedores conforme a las disposiciones de la Ley Federal de Protecci\u00f3n de Datos Personales en Posesi\u00f3n de los Particulares, y resto de normativa aplicable. Puede consultar el Aviso de Privacidad correspondiente en nuestra p\u00e1gina web (www.kinternet.mx\/), secci\u00f3n \u201cAvisos de Privacidad.\u201d<\/p>\n\n\n\n<p>The information contained in this electronic message is confidential, privileged and intended for its recipient only. If you receive this mail by mistake and\/or if you are not the recipient thereof, please destroy it immediately, abstaining yourself from reading, reproducing, transmitting, storing, disclosing, revealing or using it, either directly or indirectly, in any manner and by any means. Thank you very much. <em><strong>K Internet<\/strong><\/em><a><\/a> processes personal data of our customers, employees, applicants and suppliers accordingly to the provisions of the Federal Law on Protection of Personal Data Held by Private Parties and other applicable regulations. At any time, you can access the respective Privacy Notice on our website (https:\/\/konecta.mx\/), section \u201cPrivacy Notices.\u201d<\/p>\n","protected":false},"excerpt":{"rendered":"<p>K Internet, S. de R.L. de C.V. La informaci\u00f3n contenida en este mensaje de datos es confidencial, constituye un secreto industrial en t\u00e9rminos de la legislaci\u00f3n vigente y se encuentra dirigida exclusivamente al destinatario indicado en dicho mensaje. Si usted recibe esta informaci\u00f3n por error o si usted no es el destinatario del mensaje, favor&hellip;&nbsp;<a href=\"https:\/\/kinternet.mx\/index.php\/aviso-de-privadad\/\" rel=\"bookmark\">Read More &raquo;<span class=\"screen-reader-text\">Aviso de Privadad<\/span><\/a><\/p>\n","protected":false},"author":1,"featured_media":0,"parent":0,"menu_order":0,"comment_status":"closed","ping_status":"closed","template":"","meta":{"neve_meta_sidebar":"full-width","neve_meta_container":"","neve_meta_enable_content_width":"on","neve_meta_content_width":100,"neve_meta_title_alignment":"","neve_meta_author_avatar":"","neve_post_elements_order":"","neve_meta_disable_header":"","neve_meta_disable_footer":"","neve_meta_disable_title":"","footnotes":""},"class_list":["post-149","page","type-page","status-publish","hentry"],"_links":{"self":[{"href":"https:\/\/kinternet.mx\/index.php\/wp-json\/wp\/v2\/pages\/149","targetHints":{"allow":["GET"]}}],"collection":[{"href":"https:\/\/kinternet.mx\/index.php\/wp-json\/wp\/v2\/pages"}],"about":[{"href":"https:\/\/kinternet.mx\/index.php\/wp-json\/wp\/v2\/types\/page"}],"author":[{"embeddable":true,"href":"https:\/\/kinternet.mx\/index.php\/wp-json\/wp\/v2\/users\/1"}],"replies":[{"embeddable":true,"href":"https:\/\/kinternet.mx\/index.php\/wp-json\/wp\/v2\/comments?post=149"}],"version-history":[{"count":3,"href":"https:\/\/kinternet.mx\/index.php\/wp-json\/wp\/v2\/pages\/149\/revisions"}],"predecessor-version":[{"id":153,"href":"https:\/\/kinternet.mx\/index.php\/wp-json\/wp\/v2\/pages\/149\/revisions\/153"}],"wp:attachment":[{"href":"https:\/\/kinternet.mx\/index.php\/wp-json\/wp\/v2\/media?parent=149"}],"curies":[{"name":"wp","href":"https:\/\/api.w.org\/{rel}","templated":true}]}}